{"id":161,"date":"2024-01-03T09:38:35","date_gmt":"2024-01-03T09:38:35","guid":{"rendered":"https:\/\/boostdigital.ba\/azmer\/?post_type=product&#038;p=161"},"modified":"2024-01-18T10:12:20","modified_gmt":"2024-01-18T10:12:20","slug":"bezicne-vodootporne-slusalice-tws","status":"publish","type":"product","link":"https:\/\/boostdigital.ba\/azmer\/index.php\/product\/bezicne-vodootporne-slusalice-tws\/","title":{"rendered":"Be\u017ei\u010dne vodootporne slu\u0161alice TWS"},"content":{"rendered":"<p>Touch Control: Dizajniran sa senzorima osjetljivim na dodir, lako mo\u017eete upravljati slu\u0161alicama.<\/p>\n<p>Nema vi\u0161e neugodnog pritiska pritiskom na tipke i nema vi\u0161e brige zbog curenja vode u \u0161avove dugmeta.<\/p>\n<p>IPX5 Vodootporni \/ HD stereo zvuk: pru\u017ea o\u0161tar i mo\u0107an zvuk, samo u\u017eivajte u be\u017ei\u010dnom slu\u0161anju. Dizajnirane su da sprije\u010de znoj i vlagu.<\/p>\n<p>Pru\u017eaju vrhunsku zvu\u010dnu izolaciju buke iz okoline uz pomo\u0107 DSP tehnologije smanjenja buke. Automatski detektuju ja\u010dinu buke u okolini, te u  vezi s tim smanjuju buku i pove\u0107avaju osjetljivost mikrofona i jasno\u0107u govora.<\/p>\n","protected":false},"excerpt":{"rendered":"<p>Be\u017ei\u010dne vodootporne slu\u0161alice karakteristike:<\/p>\n<p>Bluetooth 5.0<br \/>\nHiFi kvalitet zvuka<br \/>\nMaterijal: ABS<br \/>\nVrijeme punjenja: 1,5h<br \/>\nTe\u017eina slu\u0161alica: 0.0450 kg<br \/>\nVrijeme upotrebe: 3h<br \/>\nBoja: crna<br \/>\nVodootporne<br \/>\nSenzori koji su osjetljivi na dodir<br \/>\nDomet: 10m<br \/>\nKapacitet baterije: 4000mAH<\/p>\n","protected":false},"featured_media":162,"comment_status":"open","ping_status":"closed","template":"","meta":[],"product_cat":[15,18],"product_tag":[],"class_list":{"0":"post-161","1":"product","2":"type-product","3":"status-publish","4":"has-post-thumbnail","6":"product_cat-uncategorized","7":"product_cat-sale","9":"first","10":"instock","11":"sale","12":"shipping-taxable","13":"purchasable","14":"product-type-simple"},"acf":[],"_links":{"self":[{"href":"https:\/\/boostdigital.ba\/azmer\/index.php\/wp-json\/wp\/v2\/product\/161","targetHints":{"allow":["GET"]}}],"collection":[{"href":"https:\/\/boostdigital.ba\/azmer\/index.php\/wp-json\/wp\/v2\/product"}],"about":[{"href":"https:\/\/boostdigital.ba\/azmer\/index.php\/wp-json\/wp\/v2\/types\/product"}],"replies":[{"embeddable":true,"href":"https:\/\/boostdigital.ba\/azmer\/index.php\/wp-json\/wp\/v2\/comments?post=161"}],"wp:featuredmedia":[{"embeddable":true,"href":"https:\/\/boostdigital.ba\/azmer\/index.php\/wp-json\/wp\/v2\/media\/162"}],"wp:attachment":[{"href":"https:\/\/boostdigital.ba\/azmer\/index.php\/wp-json\/wp\/v2\/media?parent=161"}],"wp:term":[{"taxonomy":"product_cat","embeddable":true,"href":"https:\/\/boostdigital.ba\/azmer\/index.php\/wp-json\/wp\/v2\/product_cat?post=161"},{"taxonomy":"product_tag","embeddable":true,"href":"https:\/\/boostdigital.ba\/azmer\/index.php\/wp-json\/wp\/v2\/product_tag?post=161"}],"curies":[{"name":"wp","href":"https:\/\/api.w.org\/{rel}","templated":true}]}}